{"id":143,"date":"2020-04-23T11:44:09","date_gmt":"2020-04-23T11:44:09","guid":{"rendered":"http:\/\/uj.hetessport.hu\/?page_id=143"},"modified":"2020-04-23T13:59:18","modified_gmt":"2020-04-23T13:59:18","slug":"cegunkrol","status":"publish","type":"page","link":"https:\/\/www.hetessport.hu\/?page_id=143","title":{"rendered":"C\u00e9g\u00fcnkr\u0151l"},"content":{"rendered":"\n<p>C\u00e9g\u00fcnk neve az UNIVERZ\u00c1L kereskedelmi v\u00e1llalat 7.sz boltj\u00e1ra utal, ugyanis 1984 szeptember 1-\u00e9n az els\u0151 \u00fczlet\u00fcnket szerz\u0151d\u00e9ses form\u00e1ban itt nyitottuk meg B\u00e9k\u00e9scsab\u00e1n az Andr\u00e1ssy \u00fat 24. sz. alatt (U-alak\u00fa \u00e9p\u00fclet). Ekkor m\u00e9g r\u00f6vid\u00e1ru \u00e9s pap\u00edr \u00edr\u00f3szer forgalmaz\u00e1s volt a f\u0151 profil. A nyolcvanas \u00e9vek v\u00e9g\u00e9n m\u00e1r j\u00e1t\u00e9kokat \u00e9s sportszereket is \u00e1rultunk. A forgalom n\u00f6veked\u00e9se sz\u00fcks\u00e9gess\u00e9 tette a h\u00e9tk\u00f6znapi sportruh\u00e1zat \u00e9s a speci\u00e1lis sportfelszerel\u00e9sek kereskedelm\u00e9nek sz\u00e9tv\u00e1laszt\u00e1s\u00e1t, ez\u00e9rt 1990-ben \u00faj \u00fczletet hoztunk l\u00e9tre B\u00e9k\u00e9scsab\u00e1n a Munk\u00e1csy utc\u00e1ban. Itt az\u00f3ta is folyamatosan b\u0151v\u00edtj\u00fck \u00e1ruv\u00e1laszt\u00e9kunkat, \u00edgy m\u00e1ra szinte minden sport\u00e1g felszerel\u00e9seit megtal\u00e1lhatj\u00e1k a sportolni v\u00e1gy\u00f3k. A forgalom n\u00f6veked\u00e9se miatt nagyobb \u00fczlethelyis\u00e9g v\u00e1lt sz\u00fcks\u00e9gess\u00e9, ez\u00e9rt a Munk\u00e1csy utcai SPORT\u00c1RUH\u00c1Z 2014. m\u00e1jus\u00e1ban az Andr\u00e1ssy \u00fat 24. sz. al\u00e1 k\u00f6lt\u00f6z\u00f6tt, ahol t\u00f6bb, mint 150 m<sup>2<\/sup>-es elad\u00f3t\u00e9rrel v\u00e1rjuk a sportot kedvel\u0151ket.<\/p>\n\n\n\n<p>Az ig\u00e9nyek v\u00e1ltoz\u00e1s\u00e1nak megfelel\u0151en egyre nagyobb s\u00falyt kapott a min\u0151s\u00e9gi sportruh\u00e1zat \u00e9s sportfelszerel\u00e9s, \u00edgy 1996-ban \u00e1talak\u00edtottuk Andr\u00e1ssy \u00fati \u00fczlet\u00fcnket \u00e9s megnyitottuk Magyarorsz\u00e1g 25. Adidas m\u00e1rkaboltj\u00e1t. 2000-ben az \u00e9v m\u00e1rkaboltja c\u00edmet is elnyert\u00fck. Mivel mindig a v\u00e1s\u00e1rl\u00f3k ig\u00e9nyeinek maxim\u00e1lis kiszolg\u00e1l\u00e1sa volt els\u0151dleges c\u00e9lunk, ez\u00e9rt 2002-ben felvett\u00fck a kapcsolatot a Nike c\u00e9ggel, \u00edgy az\u00f3ta a vil\u00e1g 2 vezet\u0151 sportruh\u00e1zat gy\u00e1rt\u00f3j\u00e1nak term\u00e9kei n\u00e1lunk egy helyen megv\u00e1s\u00e1rolhat\u00f3ak. P\u00e1r \u00e9ve az \u00e1rusk\u00e1l\u00e1t tov\u00e1bb b\u0151v\u00edtett\u00fck Speedo sportszercsal\u00e1d vil\u00e1gsz\u00ednvonal\u00fa term\u00e9keivel.<\/p>\n\n\n\n<p>A Hetes Kft. megalakul\u00e1sa \u00f3ta folyamatosan t\u00e1mogatja B\u00e9k\u00e9s megye sportj\u00e1t. A b\u00e9k\u00e9scsabai El\u0151re k\u00e9zilabda \u00e9s foci csapat\u00e1t kisebb megszak\u00edt\u00e1sokkal majd 20 \u00e9ve szponzor\u00e1ljuk. T\u00f6bb \u00e9ve szervezz\u00fck a megye hat\u00e1rain is t\u00falny\u00fal\u00f3 billi\u00e1rdbajnoks\u00e1gokat. A megyei nagyp\u00e1ly\u00e1s \u00e9s kisp\u00e1ly\u00e1s focicsapatoknak rendk\u00edv\u00fcl kedvezm\u00e9nyes mez, cip\u0151 \u00e9s sportszerv\u00e1s\u00e1rl\u00e1si lehet\u0151set biztos\u00edtunk.<\/p>\n","protected":false},"excerpt":{"rendered":"<p>C\u00e9g\u00fcnk neve az UNIVERZ\u00c1L kereskedelmi v\u00e1llalat 7.sz boltj\u00e1ra utal, ugyanis 1984 szeptember 1-\u00e9n az els\u0151 \u00fczlet\u00fcnket szerz\u0151d\u00e9ses form\u00e1ban itt nyitottuk&hellip;<\/p>\n","protected":false},"author":1,"featured_media":0,"parent":0,"menu_order":0,"comment_status":"closed","ping_status":"closed","template":"","meta":{"footnotes":""},"class_list":["post-143","page","type-page","status-publish","hentry"],"_links":{"self":[{"href":"https:\/\/www.hetessport.hu\/index.php?rest_route=\/wp\/v2\/pages\/143","targetHints":{"allow":["GET"]}}],"collection":[{"href":"https:\/\/www.hetessport.hu\/index.php?rest_route=\/wp\/v2\/pages"}],"about":[{"href":"https:\/\/www.hetessport.hu\/index.php?rest_route=\/wp\/v2\/types\/page"}],"author":[{"embeddable":true,"href":"https:\/\/www.hetessport.hu\/index.php?rest_route=\/wp\/v2\/users\/1"}],"replies":[{"embeddable":true,"href":"https:\/\/www.hetessport.hu\/index.php?rest_route=%2Fwp%2Fv2%2Fcomments&post=143"}],"version-history":[{"count":2,"href":"https:\/\/www.hetessport.hu\/index.php?rest_route=\/wp\/v2\/pages\/143\/revisions"}],"predecessor-version":[{"id":174,"href":"https:\/\/www.hetessport.hu\/index.php?rest_route=\/wp\/v2\/pages\/143\/revisions\/174"}],"wp:attachment":[{"href":"https:\/\/www.hetessport.hu\/index.php?rest_route=%2Fwp%2Fv2%2Fmedia&parent=143"}],"curies":[{"name":"wp","href":"https:\/\/api.w.org\/{rel}","templated":true}]}}